6. Let z = 29 + b. List the prime factors of z.
17
Let b be (12/10)/(4/20). Suppose -6 - b = -3*q. Suppose q*r = 5 + 15. What are the prime factors of r?
5
Let y(f) = f**2 + f + 23. Let b be y(0). Suppose 4*c + 5*m - 6 = 0, 6*m = 2*c + 5*m - 10. Suppose 0 = -c*u + 21 + b. What are the prime factors of u?
11
Suppose -4*j - 3*k - 10 = 26, -5*j + 4*k - 14 = 0. Let c = -10 - j. What are the prime factors of 16/(3 - (-2 - c))?
2
Suppose -55 = -14*a + 9*a. List the prime factors of a.
11
Let h(z) = z**2 - 2*z - 1. Let f be h(-4). Let o = -12 + f. List the prime factors of o.
11
Let o(k) = -7*k - 9. Let z(i) = 4*i + 5. Let f(j) = -3*o(j) - 5*z(j). List the prime factors of f(3).
5
Let k = -2 - -23. What are the prime factors of k?
3, 7
Suppose 0 = 3*b - g + 36, 3*b - 3*g + 31 = b. Suppose 5*r = -20, 4*r + 8 = 2*n - 6. List the prime factors of b*(-4 - n - -2).
11
Let f = 24 + -15. List the prime factors of f.
3
Let g = 9 - -15. Suppose -g + 5 = -n. What are the prime factors of n?
19
Let w be 1/(-4) - (-52)/16. Suppose 0 = -h + 7 - w. What are the prime factors of h?
2
Let p = 98 - 53. Let g be 72*(3 + p/(-12)). List the prime factors of 12/g - (-92)/9.
2, 5
Let u be 2 - (5 - (-3)/(-1)). Suppose 5*g + b - 13 = 0, u = g - 3*g - 2*b + 10. Suppose g*s + 0 = 4. List the prime factors of s.
2
Let s = 0 + 3. Let c be (1/(-1))/(s/(-15)). Suppose -57 + 2 = -c*b. What are the prime factors of b?
11
Let m(g) = 10*g + 3. Let r be m(-3). Let c = r - -46. Let y = c - 11. What are the prime factors of y?
2
Let t(z) = -z - 7. Let f = -12 + -3. List the prime factors of t(f).
2
Let g = -2 - -11. List the prime factors of g.
3
Suppose 2*s - 90 = -3*s. Let i = -11 + s. What are the prime factors of 40/15*(-1 + i)?
2
Suppose q + 4*i = 11, q - 11 = 4*i + i. Let u = q - -23. What are the prime factors of u?
2, 17
Suppose -3*x = 2*b + 2*b - 60, 0 = 2*b - x - 40. List the prime factors of b.
2, 3
Suppose 5*n = 2*n - 5*m + 144, -5*m - 71 = -2*n. List the prime factors of n.
43
Let a(w) be the second derivative of w**5/20 + 7*w**4/12 + w**3/2 - 4*w**2 - 6*w. List the prime factors of a(-6).
2, 5
Let y(g) be the third derivative of g**4/8 - 7*g**3/2 - 4*g**2. List the prime factors of y(9).
2, 3
Let g(k) be the third derivative of -k**6/120 - k**5/15 - k**4/6 + k**3/2 + 2*k**2. Let z be g(-4). Let f = z - 7. What are the prime factors of f?
2, 3
Suppose 0 = l - 2 - 2. Let p = l - 4. Suppose 0 = s - p - 6. What are the prime factors of s?
2, 3
Let l = 13 + -9. Suppose -l*k - 7 = -m + k, 0 = -m + k + 15. What are the prime factors of m?
17
Suppose 0 = -4*a - 73 + 357. What are the prime factors of a?
71
Let g be (-3)/(-3) - 3 - -6. Suppose 4*b + 0*s + g*s - 104 = 0, -2*s = 4. Suppose 2*c + 24 = 2*i, -3*i - 5*c = -4*i + b. What are the prime factors of i?
2
Let x(t) be the third derivative of t**6/120 - t**5/30 - t**4/6 - t**3/2 + 2*t**2. What are the prime factors of x(4)?
13
Suppose -p - 1 = -2*p. Let a be 50/(-18) - (-2)/(-9). List the prime factors of -1*p + (1 - a).
3
Let b = 10 - 8. Let n = 11 - b. What are the prime factors of n?
3
Suppose 2*f + 0*f + 115 = g, g - 5*f - 100 = 0. What are the prime factors of g?
5
Let t(j) = j**3 - 9*j**2 + 7*j + 4. Let l be t(8). Let m = 4 - 3. List the prime factors of m - 2 - 44/l.
2, 5
Let c(p) = -2*p + 90. What are the prime factors of c(27)?
2, 3
Let q = -8 - 10. Let a = -11 - q. List the prime factors of a.
7
Let b(h) = -6 + 3*h - 5*h + 0*h - 9. What are the prime factors of b(-10)?
5
Suppose 4*t + 2 = 3*p + 1, 2*p = -3*t + 12. Suppose 4*b + 3 = -t*f + 29, -3*b = -5*f - 13. What are the prime factors of b?
2, 3
Let s = -213 + 384. What are the prime factors of s?
3, 19
Let g = 2 - -1. List the prime factors of 3 - (-4 + g)*4.
7
Suppose 100 = -0*m + 4*m. Suppose -11 = -2*f + a, 4*f + f = a + 23. Suppose -m = f*j - 85. List the prime factors of j.
3, 5
Suppose -5*x + 1 = -2*o, 2*o + o + 8 = x. Let n = -38 - -38. List the prime factors of o/((-3)/2 - n).
2
What are the prime factors of 4/22 - (-612)/22?
2, 7
Let z(a) = 6*a - 1. Let d = 12 - 8. What are the prime factors of z(d)?
23
Let x = -83 + 132. What are the prime factors of x?
7
Let c(j) = j**3 - 3*j**2 + 2*j + 2. Let h be c(2). Suppose h*q - 5 = 39. Let b = 33 - q. List the prime factors of b.
11
Let y = 21 + -5. What are the prime factors of y?
2
Let m(r) = r**3 - 5*r**2 + 6*r - 3. Let f be m(4). Suppose -9*i = -4*i, 0 = f*q + i - 10. List the prime factors of q.
2
Let b be 0*2*2/4. Suppose -5*g + 36 = 2*z, -3*z + b*g = -g - 37. What are the prime factors of z?
13
Let d = -271 + 500. What are the prime factors of d?
229
Let b(v) = 3*v**2 - 3*v + 2. Suppose -f - 3 = -2*f. Let u be b(f). Suppose -2*i + 4*h + u = 0, -7 = 2*i + h + 4*h. What are the prime factors of i?
2
Let j be (-4)/(-6) + 56/6. What are the prime factors of (55/j)/(2/4)?
11
Suppose -5*s - 3*a = -1038, -222 = 2*s - 3*a - 654. What are the prime factors of s?
2, 3, 5, 7
Suppose -16 + 452 = 3*b - 4*t, -2*b - 5*t + 260 = 0. List the prime factors of b.
2, 5, 7
Let y(z) be the second derivative of 37*z**4/12 + z**3/6 + 7*z. What are the prime factors of y(-1)?
2, 3
Suppose 4*x = -x - 35. Let r = 3 - x. Suppose 0 = -q - 4*q + r. What are the prime factors of q?
2
Suppose m + 74 = 2*i - 3, 3*i + m - 113 = 0. What are the prime factors of i?
2, 19
Suppose 4*u + 6 + 0 = -2*v, 5*u = 5*v - 45. Let a(n) = -n**3 - 3*n**2 + n + 3. What are the prime factors of a(u)?
3, 5
Suppose 3*r - 13 - 2 = 0. Suppose 4*p = -3*c + 34, r*p - 4*c = -0*c + 58. List the prime factors of p.
2, 5
Let h(t) = -t + 4. Let i be h(4). Suppose 0*f - 9 = -3*f. Suppose i*k = -k + f. What are the prime factors of k?
3
Suppose 4*h = 0, -3*b - 3*h - 36 = -6*b. Suppose -23 = -5*t + b. Let k = -1 + t. What are the prime factors of k?
2, 3
Let n be 2 + -2*1 + 4. Let c = n + 1. Suppose -p - 8 = 3*p, 0 = -c*k - 4*p + 32. List the prime factors of k.
2
Let v(g) = -5*g - 4 - 4*g + 17. Let r(i) = 2*i - 3. Let d(y) = 26*r(y) + 6*v(y). List the prime factors of d(-6).
2, 3
Let r be 12/(-2 - 1) + 1. Let l = 3 + r. Suppose 3*y - 5 - 31 = l. List the prime factors of y.
2, 3
Let v(r) = 3*r**2 + r. Let j be v(2). Let h = j + -7. What are the prime factors of h?
7
Let b(y) = -3*y**3 + 3*y**2 - 1. Let z be b(-2). Suppose -20 = -g - 2*q, g + 2*q - z = 5*q. What are the prime factors of g?
2, 13
Let y = 0 - -5. Suppose -y*j = 2*w - 97, 4*w + 15 = 4*j - 85. List the prime factors of j.
3, 7
Let u be 0 + (-1)/(-1)*30. Suppose -5*y = -y + 5*v - 6, 5*v = 5*y - u. Suppose 4*r - 32 = -y*t - 0*r, -r = -4*t + 52. What are the prime factors of t?
2, 3
What are the prime factors of 6/(-8) + 1068/16?
2, 3, 11
Let i(t) = t**2 + 11*t - 2. Let d be i(-11). Let w = 4 + d. Suppose -39 = -5*h + 4*s, -w*h - 64 = -6*h - 5*s. List the prime factors of h.
11
Let y(f) be the first derivative of -f**5/15 + f**4/24 + f**3/3 - 1. Let u(n) be the third derivative of y(n). What are the prime factors of u(-1)?
3
Let v(m) be the third derivative of m**5/30 + m**4/8 + m**3/3 + m**2. Let f be v(3). Let j = f - 19. What are the prime factors of j?
2, 5
Suppose i = -i + j + 58, -2*j - 26 = -i. Suppose 0*l = -5*l + i. List the prime factors of l.
2, 3
Suppose 5*l = -4*t + 1927, -5*l - 5*t - 1171 = -8*l. What are the prime factors of l?
3, 43
Let f(t) = -11*t - 4. List the prime factors of f(-4).
2, 5
Let n be (1 - 42) + (-2 - -1). Let x be (n/35)/((-6)/20). Suppose 0 = -0*d - x*d + 40. What are the prime factors of d?
2, 5
Let b(f) = 7*f**2. Let j be b(-1). Let p = j + 2. What are the prime factors of p?
3
Let x(s) = s**3 + 4*s**2 - 2*s - 2. Let r be x(-2). Let w be 144/r - (-2)/(-5). Suppose -3*l = -1 - w. List the prime factors of l.
5
Suppose -y + 45 = 2*o - 8, -2*y + 108 = 5*o. List the prime factors of y.
7
Suppose -13 + 4 = -3*q. Suppose l + d = -0*d + q, 0 = -l + 5*d + 3. What are the prime factors of l?
3
Let y(i) = 4*i**2 - 34*i. What are the prime factors of y(9)?
2, 3
Let o = 7 - 17. What are the prime factors of 26/(-4)*(o - -8)?
13
Let p(g) = g**2 - 13*g + 15. What are the prime factors of p(12)?
3
Let b = -14 - -26. Suppose -2*l = 4*n - 14 - b, -n + 4*l = -2. List the prime factors of 1/((2 + 1)/n).
2
Let k = -1 + 5. Suppose -k*i + 44 = -0*i. What are the prime factors of i?
11
Let y = 11